{"id":236,"date":"2020-08-24T18:55:44","date_gmt":"2020-08-24T18:55:44","guid":{"rendered":"https:\/\/www.xn--asesoracortinaabogados-2bc.com\/?page_id=236"},"modified":"2020-09-08T15:32:53","modified_gmt":"2020-09-08T15:32:53","slug":"tercer-sector","status":"publish","type":"page","link":"https:\/\/www.xn--asesoracortinaabogados-2bc.com\/index.php\/tercer-sector\/","title":{"rendered":"<p style=\"color:#892130\";>Tercer Sector<\/p>"},"content":{"rendered":"<p style=\"text-align: justify;\"><\/p>\n<p style=\"text-align: justify;\"><!-- \/wp:paragraph --><!-- wp:paragraph --><\/p>\n<p id=\"block-48e77381-64bb-4672-920c-a05dfcc78d00\" style=\"text-align: justify;\">Durante muchos a\u00f1os hemos impartido clases sobre temas relacionados con el Tercer Sector: contabilidad de ONGs (adaptada al plan contable sectorial), fiscalidad espec\u00edfica de las entidades sin \u00e1nimo de lucro, elaboraci\u00f3n de presupuestos y del resto de la documentaci\u00f3n exigida por la normativa aplicable, etc.<\/p>\n<!-- \/wp:paragraph --><!-- wp:paragraph -->\n<p id=\"block-a8d23204-514c-403f-9983-0a3fc14e9eef\" style=\"text-align: justify;\">La actividad formativa unida al trabajo con este tipo de entidades nos ha llevado a ir conociendo la problem\u00e1tica peculiar de este campo, que requiere una gran especializaci\u00f3n, ya que presenta notables diferencias con la situaci\u00f3n habitual de las PYMEs.<\/p>\n<p style=\"text-align: justify;\"><!-- \/wp:paragraph --><!-- wp:paragraph --><\/p>\n<p id=\"block-f5b24282-653f-461d-8851-96e82e343ad4\" style=\"text-align: justify;\">Nuestra asesor\u00eda se adapta a la gran variedad de casos que presentan estas entidades desde las que se financian con dinero p\u00fablico, a otras cuya financiaci\u00f3n es totalmente privada, pasando por las que realizan actividades econ\u00f3micas para lograr el cumplimiento de sus fines. Contra una idea muy extendida, existen numerosos y exhaustivos controles de los entes p\u00fablicos sobre estas entidades, que nuestra asesor\u00eda ayuda a superar sin mayores dificultades.<\/p>\n<p style=\"text-align: justify;\"><!-- \/wp:paragraph --><!-- wp:paragraph --><\/p>\n<p style=\"text-align: justify;\"><!-- \/wp:paragraph --><!-- wp:paragraph --><\/p>\n<p id=\"block-97fe2dd8-326d-44aa-adf0-209a5e1d0644\" style=\"text-align: justify;\">Tampoco se puede olvidar que gran parte de estas entidades no tienen una estructura fija de personal, por lo que en Cortina Despacho Jur\u00eddico, S.L. les ayudamos al mantenimiento administrativo, convirti\u00e9ndonos en ese departamento que tan necesario es en algunos momentos.<\/p>","protected":false},"excerpt":{"rendered":"<p>Durante muchos a\u00f1os hemos impartido clases sobre temas relacionados con el Tercer Sector: contabilidad de ONGs (adaptada al plan contable sectorial), fiscalidad espec\u00edfica de las entidades sin \u00e1nimo de lucro, elaboraci\u00f3n de presupuestos y del resto de la documentaci\u00f3n exigida por la normativa aplicable, etc. La actividad formativa unida al trabajo con este tipo de &hellip; <\/p>\n<p class=\"link-more\"><a href=\"https:\/\/www.xn--asesoracortinaabogados-2bc.com\/index.php\/tercer-sector\/\" class=\"more-link\">Continuar leyendo<span class=\"screen-reader-text\"> \u00ab<\/p>\n<p style=\"color:#892130\";>Tercer Sector<\/p>\n<p>\u00ab<\/span><\/a><\/p>\n","protected":false},"author":1,"featured_media":0,"parent":0,"menu_order":0,"comment_status":"closed","ping_status":"closed","template":"","meta":{"footnotes":""},"class_list":["post-236","page","type-page","status-publish","hentry"],"_links":{"self":[{"href":"https:\/\/www.xn--asesoracortinaabogados-2bc.com\/index.php\/wp-json\/wp\/v2\/pages\/236","targetHints":{"allow":["GET"]}}],"collection":[{"href":"https:\/\/www.xn--asesoracortinaabogados-2bc.com\/index.php\/wp-json\/wp\/v2\/pages"}],"about":[{"href":"https:\/\/www.xn--asesoracortinaabogados-2bc.com\/index.php\/wp-json\/wp\/v2\/types\/page"}],"author":[{"embeddable":true,"href":"https:\/\/www.xn--asesoracortinaabogados-2bc.com\/index.php\/wp-json\/wp\/v2\/users\/1"}],"replies":[{"embeddable":true,"href":"https:\/\/www.xn--asesoracortinaabogados-2bc.com\/index.php\/wp-json\/wp\/v2\/comments?post=236"}],"version-history":[{"count":8,"href":"https:\/\/www.xn--asesoracortinaabogados-2bc.com\/index.php\/wp-json\/wp\/v2\/pages\/236\/revisions"}],"predecessor-version":[{"id":354,"href":"https:\/\/www.xn--asesoracortinaabogados-2bc.com\/index.php\/wp-json\/wp\/v2\/pages\/236\/revisions\/354"}],"wp:attachment":[{"href":"https:\/\/www.xn--asesoracortinaabogados-2bc.com\/index.php\/wp-json\/wp\/v2\/media?parent=236"}],"curies":[{"name":"wp","href":"https:\/\/api.w.org\/{rel}","templated":true}]}}

<p style="text-align: justify;"></p>
<p style="text-align: justify;"><!-- /wp:paragraph --><!-- wp:paragraph --></p>
<p id="block-48e77381-64bb-4672-920c-a05dfcc78d00" style="text-align: justify;">Durante muchos años hemos impartido clases sobre temas relacionados con el Tercer Sector: contabilidad de ONGs (adaptada al plan contable sectorial), fiscalidad específica de las entidades sin ánimo de lucro, elaboración de presupuestos y del resto de la documentación exigida por la normativa aplicable, etc.</p>
<!-- /wp:paragraph --><!-- wp:paragraph -->
<p id="block-a8d23204-514c-403f-9983-0a3fc14e9eef" style="text-align: justify;">La actividad formativa unida al trabajo con este tipo de entidades nos ha llevado a ir conociendo la problemática peculiar de este campo, que requiere una gran especialización, ya que presenta notables diferencias con la situación habitual de las PYMEs.</p>
<p style="text-align: justify;"><!-- /wp:paragraph --><!-- wp:paragraph --></p>
<p id="block-f5b24282-653f-461d-8851-96e82e343ad4" style="text-align: justify;">Nuestra asesoría se adapta a la gran variedad de casos que presentan estas entidades desde las que se financian con dinero público, a otras cuya financiación es totalmente privada, pasando por las que realizan actividades económicas para lograr el cumplimiento de sus fines. Contra una idea muy extendida, existen numerosos y exhaustivos controles de los entes públicos sobre estas entidades, que nuestra asesoría ayuda a superar sin mayores dificultades.</p>
<p style="text-align: justify;"><!-- /wp:paragraph --><!-- wp:paragraph --></p>
<p style="text-align: justify;"><!-- /wp:paragraph --><!-- wp:paragraph --></p>
<p id="block-97fe2dd8-326d-44aa-adf0-209a5e1d0644" style="text-align: justify;">Tampoco se puede olvidar que gran parte de estas entidades no tienen una estructura fija de personal, por lo que en Cortina Despacho Jurídico, S.L. les ayudamos al mantenimiento administrativo, convirtiéndonos en ese departamento que tan necesario es en algunos momentos.</p>

<p>Durante muchos años hemos impartido clases sobre temas relacionados con el Tercer Sector: contabilidad de ONGs (adaptada al plan contable sectorial), fiscalidad específica de las entidades sin ánimo de lucro, elaboración de presupuestos y del resto de la documentación exigida por la normativa aplicable, etc. La actividad formativa unida al trabajo con este tipo de &hellip; </p>
<p class="link-more"><a href="https://www.xn--asesoracortinaabogados-2bc.com/index.php/tercer-sector/" class="more-link">Continuar leyendo<span class="screen-reader-text"> «</p>
<p style="color:#892130";>Tercer Sector</p>
<p>«</span></a></p>
